{"id":1650,"date":"2025-06-23T10:21:02","date_gmt":"2025-06-23T08:21:02","guid":{"rendered":"https:\/\/auszeit-in-isselburg.de\/?page_id=1650"},"modified":"2026-08-24T12:10:02","modified_gmt":"2026-08-24T10:10:02","slug":"impressum-datenschutz","status":"publish","type":"page","link":"https:\/\/auszeit-in-isselburg.de\/?page_id=1650","title":{"rendered":"Impressum &#8211; Datenschutz"},"content":{"rendered":"\n<h2 class=\"wp-block-heading\">Angaben gem\u00e4\u00df \u00a7 5 TMG\u200b<\/h2>\n\n\n\n<p class=\"wp-block-paragraph\">Maylin Fr\u00f6hlich<br>Grenzweg 3 &#8211; 46419 Isselburg<\/p>\n\n\n\n<p class=\"wp-block-paragraph\">Tel.: 0170-3095047<br>Mail: <a href=\"mailto:info@issel-cross.de\">info@issel-cross.de<\/a><\/p>\n\n\n\n<h2 class=\"wp-block-heading\">Rechtliche Angaben<\/h2>\n\n\n\n<p class=\"wp-block-paragraph\"><strong>Gesetzliche Vertreter:<br><\/strong>Maylin Fr\u00f6hlich<\/p>\n\n\n\n<h2 class=\"wp-block-heading\">Alternative Streitbeilegung gem\u00e4\u00df Art. 14 Abs. 1 ODR-VO und \u00a7 36 VSBG\u200b<\/h2>\n\n\n\n<p class=\"wp-block-paragraph\">Die Europ\u00e4ische Kommission stellt eine Plattform zur Online-Streitbeilegung (OS) bereit, die du unter&nbsp;https:\/\/ec.europa.eu\/consumers\/odr&nbsp;findest. <br>Zur Teilnahme an einem Streitbeilegungsverfahren vor einer Verbraucherschlichtungsstelle bin ich nicht verpflichtet und nicht bereit.<\/p>\n\n\n\n<h2 class=\"wp-block-heading\">Haftung f\u00fcr Inhalte\u200b<\/h2>\n\n\n\n<p class=\"wp-block-paragraph\">Als Diensteanbieter bin ich gem\u00e4\u00df \u00a7 7 Abs.1 TMG f\u00fcr eigene Inhalte auf diesen Seiten nach den allgemeinen Gesetzen verantwortlich. <br>Nach \u00a7\u00a7 8 &#8211; 10 TMG bin ich als Diensteanbieter jedoch nicht verpflichtet, \u00fcbermittelte oder gespeicherte fremde Informationen zu \u00fcberwachen oder nach Umst\u00e4nden zu forschen, die auf eine rechtswidrige T\u00e4tigkeit hinweisen.<br>Verpflichtungen zur Entfernung oder Sperrung der Nutzung von Informationen nach den allgemeinen Gesetzen bleiben hiervon unber\u00fchrt. Eine diesbez\u00fcgliche Haftung ist jedoch erst ab dem Zeitpunkt der Kenntnis einer konkreten Rechtsverletzung m\u00f6glich. <br>Bei Bekanntwerden von entsprechenden Rechtsverletzungen werden wir diese Inhalte umgehend entfernen.<\/p>\n\n\n\n<h2 class=\"wp-block-heading\">Haftung f\u00fcr Links\u200b<\/h2>\n\n\n\n<p class=\"wp-block-paragraph\">Das Angebot enth\u00e4lt ggf. Links zu externen Webseiten Dritter, auf deren Inhalte ich keinen Einfluss haben. Deshalb kann ich f\u00fcr diese fremden Inhalte auch keine Gew\u00e4hr \u00fcbernehmen. F\u00fcr die Inhalte der verlinkten Seiten ist stets der jeweilige Anbieter oder Betreiber der Seiten verantwortlich. Die verlinkten Seiten wurden zum Zeitpunkt der Verlinkung auf m\u00f6gliche Rechtsverst\u00f6\u00dfe \u00fcberpr\u00fcft. Rechtswidrige Inhalte waren zum Zeitpunkt der Verlinkung nicht erkennbar.<br>Eine permanente inhaltliche Kontrolle der verlinkten Seiten ist jedoch ohne konkrete Anhaltspunkte einer Rechtsverletzung nicht zumutbar. <br>Bei Bekanntwerden von Rechtsverletzungen werden wir derartige Links umgehend entfernen.<\/p>\n\n\n\n<h2 class=\"wp-block-heading\">Urheberrechte<\/h2>\n\n\n\n<p class=\"wp-block-paragraph\">Die durch die Seitenbetreiberin erstellten Inhalte und Werke auf diesen Seiten unterliegen dem deutschen Urheberrecht. Jede vom Urheberrechtsgesetz nicht zugelassene Verwertung bedarf einer vorherigen schriftlichen Zustimmung durch die Seitenbetreiberin.<br>Dies gilt insbesondere f\u00fcr Vervielf\u00e4ltigung, Bearbeitung, \u00dcbersetzung, Einspeicherung, Verarbeitung bzw. Wiedergabe von Inhalten in Datenbanken oder anderen elektronischen Medien und Systemen. Fotokopien und Downloads von Web-Seiten d\u00fcrfen nur f\u00fcr den pers\u00f6nlichen, privaten und nicht kommerziellen Gebrauch hergestellt werden.<br>Soweit die Inhalte auf dieser Seite nicht vom Betreiber erstellt wurden, werden die Urheberrechte Dritter beachtet. Insbesondere werden Inhalte Dritter als solche gekennzeichnet. Sollten Sie trotzdem auf eine Urheberrechtsverletzung aufmerksam werden, bitten wir um einen entsprechenden Hinweis. Bei Bekanntwerden von Rechtsverletzungen werden wir derartige Inhalte umgehend entfernen.<\/p>\n\n\n\n<h2 class=\"wp-block-heading\">Datenschutzhinweise<\/h2>\n\n\n\n<p class=\"wp-block-paragraph\">Ich nehmen den Schutz Ihrer pers\u00f6nlichen Daten ernst. <br>Alle Daten werden gem\u00e4\u00df der Datenschutz-Grundverordnung (DSGVO) sowie dem Bundesdatenschutzgesetz (BDSG) verarbeitet. Eine Erhebung, Speicherung und Nutzung erfolgt ausschlie\u00dflich zum Zweck der Buchung, Durchf\u00fchrung des Aufenthalts und der damit verbundenen Kommunikation. <br>Eine Weitergabe an Dritte erfolgt nur, sofern sie zur Abwicklung der Buchung, des Aufenthalts (z.\u202fB. an Zahlungsdienstleister) oder aufgrund gesetzlicher Verpflichtungen erforderlich ist.<\/p>\n\n\n\n<p class=\"wp-block-paragraph\"><\/p>\n","protected":false},"excerpt":{"rendered":"<p>Angaben gem\u00e4\u00df \u00a7 5 TMG\u200b Maylin Fr\u00f6hlichGrenzweg 3 &#8211; 46419 Isselburg Tel.: 0170-3095047Mail: info@issel-cross.de Rechtliche Angaben Gesetzliche Vertreter:Maylin Fr\u00f6hlich Alternative Streitbeilegung gem\u00e4\u00df Art. 14 Abs. 1 ODR-VO und \u00a7 36 VSBG\u200b Die Europ\u00e4ische Kommission stellt eine Plattform zur Online-Streitbeilegung (OS) bereit, die du unter&nbsp;https:\/\/ec.europa.eu\/consumers\/odr&nbsp;findest. Zur Teilnahme an einem Streitbeilegungsverfahren vor einer Verbraucherschlichtungsstelle bin ich nicht [&hellip;]<\/p>\n","protected":false},"author":1,"featured_media":0,"parent":0,"menu_order":0,"comment_status":"closed","ping_status":"closed","template":"","meta":{"_aii_hide_title":false,"footnotes":""},"class_list":["post-1650","page","type-page","status-publish","hentry"],"_links":{"self":[{"href":"https:\/\/auszeit-in-isselburg.de\/index.php?rest_route=\/wp\/v2\/pages\/1650","targetHints":{"allow":["GET"]}}],"collection":[{"href":"https:\/\/auszeit-in-isselburg.de\/index.php?rest_route=\/wp\/v2\/pages"}],"about":[{"href":"https:\/\/auszeit-in-isselburg.de\/index.php?rest_route=\/wp\/v2\/types\/page"}],"author":[{"embeddable":true,"href":"https:\/\/auszeit-in-isselburg.de\/index.php?rest_route=\/wp\/v2\/users\/1"}],"replies":[{"embeddable":true,"href":"https:\/\/auszeit-in-isselburg.de\/index.php?rest_route=%2Fwp%2Fv2%2Fcomments&post=1650"}],"version-history":[{"count":13,"href":"https:\/\/auszeit-in-isselburg.de\/index.php?rest_route=\/wp\/v2\/pages\/1650\/revisions"}],"predecessor-version":[{"id":2007,"href":"https:\/\/auszeit-in-isselburg.de\/index.php?rest_route=\/wp\/v2\/pages\/1650\/revisions\/2007"}],"wp:attachment":[{"href":"https:\/\/auszeit-in-isselburg.de\/index.php?rest_route=%2Fwp%2Fv2%2Fmedia&parent=1650"}],"curies":[{"name":"wp","href":"https:\/\/api.w.org\/{rel}","templated":true}]}}

<h2 class="wp-block-heading">Angaben gemäß § 5 TMG​</h2>



<p class="wp-block-paragraph">Maylin Fröhlich<br>Grenzweg 3 &#8211; 46419 Isselburg</p>



<p class="wp-block-paragraph">Tel.: 0170-3095047<br>Mail: <a href="mailto:info@issel-cross.de">info@issel-cross.de</a></p>



<h2 class="wp-block-heading">Rechtliche Angaben</h2>



<p class="wp-block-paragraph"><strong>Gesetzliche Vertreter:<br></strong>Maylin Fröhlich</p>



<h2 class="wp-block-heading">Alternative Streitbeilegung gemäß Art. 14 Abs. 1 ODR-VO und § 36 VSBG​</h2>



<p class="wp-block-paragraph">Die Europäische Kommission stellt eine Plattform zur Online-Streitbeilegung (OS) bereit, die du unter&nbsp;https://ec.europa.eu/consumers/odr&nbsp;findest. <br>Zur Teilnahme an einem Streitbeilegungsverfahren vor einer Verbraucherschlichtungsstelle bin ich nicht verpflichtet und nicht bereit.</p>



<h2 class="wp-block-heading">Haftung für Inhalte​</h2>



<p class="wp-block-paragraph">Als Diensteanbieter bin ich gemäß § 7 Abs.1 TMG für eigene Inhalte auf diesen Seiten nach den allgemeinen Gesetzen verantwortlich. <br>Nach §§ 8 &#8211; 10 TMG bin ich als Diensteanbieter jedoch nicht verpflichtet, übermittelte oder gespeicherte fremde Informationen zu überwachen oder nach Umständen zu forschen, die auf eine rechtswidrige Tätigkeit hinweisen.<br>Verpflichtungen zur Entfernung oder Sperrung der Nutzung von Informationen nach den allgemeinen Gesetzen bleiben hiervon unberührt. Eine diesbezügliche Haftung ist jedoch erst ab dem Zeitpunkt der Kenntnis einer konkreten Rechtsverletzung möglich. <br>Bei Bekanntwerden von entsprechenden Rechtsverletzungen werden wir diese Inhalte umgehend entfernen.</p>



<h2 class="wp-block-heading">Haftung für Links​</h2>



<p class="wp-block-paragraph">Das Angebot enthält ggf. Links zu externen Webseiten Dritter, auf deren Inhalte ich keinen Einfluss haben. Deshalb kann ich für diese fremden Inhalte auch keine Gewähr übernehmen. Für die Inhalte der verlinkten Seiten ist stets der jeweilige Anbieter oder Betreiber der Seiten verantwortlich. Die verlinkten Seiten wurden zum Zeitpunkt der Verlinkung auf mögliche Rechtsverstöße überprüft. Rechtswidrige Inhalte waren zum Zeitpunkt der Verlinkung nicht erkennbar.<br>Eine permanente inhaltliche Kontrolle der verlinkten Seiten ist jedoch ohne konkrete Anhaltspunkte einer Rechtsverletzung nicht zumutbar. <br>Bei Bekanntwerden von Rechtsverletzungen werden wir derartige Links umgehend entfernen.</p>



<h2 class="wp-block-heading">Urheberrechte</h2>



<p class="wp-block-paragraph">Die durch die Seitenbetreiberin erstellten Inhalte und Werke auf diesen Seiten unterliegen dem deutschen Urheberrecht. Jede vom Urheberrechtsgesetz nicht zugelassene Verwertung bedarf einer vorherigen schriftlichen Zustimmung durch die Seitenbetreiberin.<br>Dies gilt insbesondere für Vervielfältigung, Bearbeitung, Übersetzung, Einspeicherung, Verarbeitung bzw. Wiedergabe von Inhalten in Datenbanken oder anderen elektronischen Medien und Systemen. Fotokopien und Downloads von Web-Seiten dürfen nur für den persönlichen, privaten und nicht kommerziellen Gebrauch hergestellt werden.<br>Soweit die Inhalte auf dieser Seite nicht vom Betreiber erstellt wurden, werden die Urheberrechte Dritter beachtet. Insbesondere werden Inhalte Dritter als solche gekennzeichnet. Sollten Sie trotzdem auf eine Urheberrechtsverletzung aufmerksam werden, bitten wir um einen entsprechenden Hinweis. Bei Bekanntwerden von Rechtsverletzungen werden wir derartige Inhalte umgehend entfernen.</p>



<h2 class="wp-block-heading">Datenschutzhinweise</h2>



<p class="wp-block-paragraph">Ich nehmen den Schutz Ihrer persönlichen Daten ernst. <br>Alle Daten werden gemäß der Datenschutz-Grundverordnung (DSGVO) sowie dem Bundesdatenschutzgesetz (BDSG) verarbeitet. Eine Erhebung, Speicherung und Nutzung erfolgt ausschließlich zum Zweck der Buchung, Durchführung des Aufenthalts und der damit verbundenen Kommunikation. <br>Eine Weitergabe an Dritte erfolgt nur, sofern sie zur Abwicklung der Buchung, des Aufenthalts (z. B. an Zahlungsdienstleister) oder aufgrund gesetzlicher Verpflichtungen erforderlich ist.</p>



<p class="wp-block-paragraph"></p>

<p>Angaben gemäß § 5 TMG​ Maylin FröhlichGrenzweg 3 &#8211; 46419 Isselburg Tel.: 0170-3095047Mail: info@issel-cross.de Rechtliche Angaben Gesetzliche Vertreter:Maylin Fröhlich Alternative Streitbeilegung gemäß Art. 14 Abs. 1 ODR-VO und § 36 VSBG​ Die Europäische Kommission stellt eine Plattform zur Online-Streitbeilegung (OS) bereit, die du unter&nbsp;https://ec.europa.eu/consumers/odr&nbsp;findest. Zur Teilnahme an einem Streitbeilegungsverfahren vor einer Verbraucherschlichtungsstelle bin ich nicht [&hellip;]</p>
